
In base 2, what is -1100111100100101 + -101000110?
-1101000001101011
In base 13, what is 3377 + -1ab?
3199
In base 16, what is -6bd00a9 - 3?
-6bd00ac
In base 13, what is -204cb2 - 29?
-20500b
In base 4, what is -2 - -12023112203301?
12023112203233
In base 12, what is ab + -46501?
-46412
In base 5, what is 413220241 + -3?
413220233
In base 6, what is 124043 + 11032?
135115
In base 12, what is 1457b33 + -182?
1457971
In base 13, what is 0 - 216337?
-216337
In base 12, what is 748a442 - -10?
748a452
In base 4, what is 323013 - -2333032?
3322111
In base 7, what is -61451322 + 42?
-61451250
In base 5, what is -14444 + -44102413?
-44122412
In base 13, what is -9762 - -96?
-9699
In base 13, what is 1b8b0a - a7?
1b8a33
In base 10, what is 145227 - -45?
145272
In base 2, what is 1101 - -1011001010100010111?
1011001010100100100
In base 14, what is -1 - -1133d4c2?
1133d4c1
In base 6, what is 153140 - 2550?
150150
In base 8, what is 3162604 - 5?
3162577
In base 6, what is -54123 - -3544?
-50135
In base 14, what is -1622d3 - -9?
-1622c8
In base 6, what is 210345415 - -1?
210345420
In base 14, what is -1 - -194d52ad?
194d52ac
In base 7, what is 1440663 - 10126?
1430534
In base 14, what is -9401b - -32?
-93dc9
In base 16, what is 7c66 - 5149?
2b1d
In base 16, what is -6258 + -77b?
-69d3
In base 3, what is -1111121 + -201200112?
-210012010
In base 2, what is 101001101100101 + -1011101?
101001100001000
In base 3, what is -102102222 - 111220?
-102221212
In base 13, what is 4 + -1390058?
-1390054
In base 11, what is 12 + 17215a2?
1721604
In base 15, what is -2771c4d - -2?
-2771c4b
In base 11, what is 10445 + 723?
11068
In base 11, what is -197 + -203899?
-203a85
In base 2, what is 11011001111001000111 + -1101001?
11011001110111011110
In base 12, what is 1943 - -4529b?
47022
In base 8, what is 3 + -653172436?
-653172433
In base 10, what is 6 + -176259?
-176253
In base 11, what is 1 + 4348706?
4348707
In base 9, what is 12381308 - 24?
12381274
In base 6, what is 22501530 - 10?
22501520
In base 15, what is -2a6e6 + -cc?
-2a7c3
In base 5, what is -20 - 32443002?
-32443022
In base 10, what is 285789 + -149?
285640
In base 8, what is -436407334 - 3?
-436407337
In base 7, what is 245430065 - -2?
245430100
In base 4, what is 301301 - -23222132?
30130033
In base 16, what is -e4d + 1e842?
1d9f5
In base 14, what is 2 + -26d3ca?
-26d3c8
In base 13, what is -19691632 - 4?
-19691636
In base 16, what is ea64 + 11?
ea75
In base 15, what is 32e + -765a?
-732b
In base 12, what is -21119344 + 0?
-21119344
In base 4, what is 22230313033100 + 1?
22230313033101
In base 3, what is -202002112220112 + -12?
-202002112220201
In base 4, what is -223120 - 111200311?
-112030031
In base 5, what is 102 - -14113331041?
14113331143
In base 15, what is 3c8eb + -ea?
3c801
In base 5, what is 1 + 131032442031?
131032442032
In base 12, what is -a436730b + -2?
-a4367311
In base 2, what is 11101111110011100010110010010 - 101?
11101111110011100010110001101
In base 12, what is -4b5 + -1246?
-173b
In base 8, what is -16361 + -505?
-17066
In base 3, what is 202021111 - -122?
202022010
In base 9, what is 6 + 47041400?
47041406
In base 9, what is 6866054 + -288?
6865655
In base 12, what is -4772a7251 + 2?
-4772a724b
In base 4, what is -101322313 + 1320203?
-100002110
In base 8, what is 1 + 64464761?
64464762
In base 6, what is -1152 + 41310124?
41304532
In base 9, what is -5 + 3058416?
3058411
In base 2, what is 1111001 - 11001100101111111?
-11001100100000110
In base 10, what is -998694 - -320?
-998374
In base 10, what is 3 + -8366500?
-8366497
In base 12, what is -66862b + -25?
-668654
In base 9, what is -52571 + 1753?
-50717
In base 2, what is 1 + 10100001111101100011111001?
10100001111101100011111010
In base 12, what is 3a - 66a3b4?
-66a376
In base 12, what is -1636b4 - 16?
-16370a
In base 7, what is -1410404 + 1?
-1410403
In base 14, what is 38 - 1b55473?
-1b55439
In base 12, what is 2a003 - 82?
29b41
In base 16, what is 2d70f - 4?
2d70b
In base 14, what is 383 - -423b2?
42755
In base 5, what is -302 - -14433420?
14433113
In base 10, what is -78 + 11417016?
11416938
In base 13, what is 1 - -a692c6?
a692c7
In base 14, what is 21a2 - c36?
136a
In base 8, what is 2 + -31577760?
-31577756
In base 10, what is 61189339 - -1?
61189340
In base 12, what is -3a8 + 209b?
18b3
In base 2, what is 100011101011000001110 - 1001101000?
100011101001110100110
In base 11, what is 1a8 - -1353a0a?
1354107
In base 12, what is 15180 - -9565?
22725
In base 2, what is 100 - -11011101110100111010?
11011101110100111110
In base 2, what is -111110110000110111111 + -1100?
-111110110000111001011
In base 8, what is 52160025 + 25?
52160052
In base 8, what is 104 + 527551?
527655
In base 16, what is -9c + -4daa?
-4e46
In base 11, what is -50a9 - 3348?
-8446
In base 14, what is -17b6566 + -1?
-17b6567
In base 8, what is -154 + 3574374?
3574220
In base 9, what is 182 - -136714?
137006
In base 3, what is -1202000000 - 1011200?
-1210011200
In base 15, what is -5 - 4034d9?
-4034de
In base 8, what is 2116 - -12707?
15025
In base 13, what is 9bb + 24520?
2520b
In base 10, what is 24251560 - -5?
24251565
In base 9, what is -326457 + 31?
-326426
In base 15, what is -53ea043 - -6?
-53ea03c
In base 12, what is -4 - -29a896?
29a892
In base 6, what is -1322531104 - -2?
-1322531102
In base 16, what is 41ca7 + 167?
41e0e
In base 2, what is 1101001011101000 + 1000011?
1101001100101011
In base 11, what is -5 + -7930687?
-7930691
In base 4, what is -10 - 100021031201?
-100021031211
In base 7, what is 3221166 + 565?
3222064
In base 12, what is 9259 + 168?
9405
In base 7, what is -60 - 5553410?
-5553500
In base 16, what is -a6 - 511b6?
-5125c
In base 2, what is 10100101011 + -110110111?
1101110100
In base 8, what is -2115 - 3005?
-5122
In base 12, what is -a119 + -3258?
-11375
In base 6, what is 12535 - -140044?
153023
In base 15, what is -6c0 - -529?
-196
In base 10, what is 2041227 + 58?
2041285
In base 2, what is 1100101100011101011000000101 + 101?
1100101100011101011000001010
In base 16, what is 2 + b90f?
b911
In base 9, what is 35840458 - -17?
35840476
In base 2, what is 1110101110010100111010101110 - -10?
1110101110010100111010110000
In base 10, what is 29486130 - 1?
29486129
In base 6, what is -3 + 11252253?
11252250
In base 9, what is -80178341 - 0?
-80178341
In base 14, what is 871 + 718?
1189
In base 13, what is 56 - c7b94b?
-c7b8c5
In base 4, what is -101222112233 + 10?
-101222112223
In base 5, what is -131434 - 21002?
-202441
In base 7, what is 131003 - 6454?
121216
In base 3, what is -1201221210021212 - -1210?
-1201221210020002
In base 6, what is -113 + -1452353?
-1452510
In base 3, what is -111211112021 + 1202?
-111211110112
In base 3, what is 2 + -102112020200001?
-102112020122222
In base 5, what is 1143 - -14223103?
14224301
In base 2, what is 1000000111 - 101001000100011100?
-101000111100010101
In base 7, what is -106321502 + -163?
-106321665
In base 8, what is -7252037 + -263?
-7252322
In base 12, what is 291a + 23338?
26056
In base 7, what is 31466 + -53203?
-21404
In base 9, what is 50 + -84813?
-84753
In base 2, what is 1111001010110100110000 + 110100?
1111001010110101100100
In base 8, what is -5442657 - -31?
-5442626
In base 4, what is -12000132102 + -1?
-12000132103
In base 7, what is 10122 + -15322?
-5200
In base 14, what is 3 + 6265dc0?
6265dc3
In base 6, what is -10540 + -11120?
-22100
In base 4, what is -3330312330222 + 0?
-3330312330222
In base 14, what is -1a4b457 - 2?
-1a4b459
In base 2, what is -10 + 111001110101011011101000?
111001110101011011100110
In base 3, what is -2 - 2011121110121000?
-2011121110121002
In base 14, what is 4 - 2b88cb?
-2b88c7
In base 4, what is 3110032 + 1122?
3111220
In base 12, what is 980b + -1973?
7a58
In base 8, what is -30005 - 4303?
-34310
In base 13, what is 108 + -4a799?
-4a691
In base 10, what is -2 - -1796157?
1796155
In base 15, what is de291c - -3?
de2920
In base 11, what is -19093345 - 2?
-19093347
In base 13, what is 4 - -768b7c?
768b83
In base 3, what is -12 - 2121120220201001?
-2121120220201020
In base 16, what is -18 + -1755b?
-17573
In base 15, what is 3 + -12ad5?
-12ad2
In base 13, what is 2917a3a + 3?
2917a40
In base 14, what is 7b6 + 60617?
60dcd
In base 5, what is -103232034 +